{"id":91686,"date":"2019-08-29T13:32:00","date_gmt":"2019-08-29T13:32:00","guid":{"rendered":"https:\/\/sites-stage.familylife.com\/vidaenfamilia\/?page_id=91686"},"modified":"2020-11-19T21:59:11","modified_gmt":"2020-11-19T21:59:11","slug":"eventos_para_matrimonios","status":"publish","type":"page","link":"https:\/\/wp-stage.familylife.com\/vidaenfamilia\/eventos_para_matrimonios\/","title":{"rendered":"Eventos para matrimonios"},"content":{"rendered":"\t\t<div data-elementor-type=\"wp-post\" data-elementor-id=\"91686\" class=\"elementor elementor-91686\" data-elementor-post-type=\"page\">\n\t\t\t\t\t\t<section data-particle_enable=\"false\" data-particle-mobile-disabled=\"false\" class=\"elementor-section elementor-top-section elementor-element elementor-element-e56e7bf elementor-section-full_width elementor-section-height-min-height elementor-section-height-default elementor-section-items-middle\" data-id=\"e56e7bf\" data-element_type=\"section\" data-settings=\"{&quot;background_background&quot;:&quot;classic&quot;}\">\n\t\t\t\t\t\t<div class=\"elementor-container elementor-column-gap-default\">\n\t\t\t\t\t<div class=\"elementor-column elementor-col-100 elementor-top-column elementor-element elementor-element-7096c7a\" data-id=\"7096c7a\" data-element_type=\"column\">\n\t\t\t<div class=\"elementor-widget-wrap elementor-element-populated\">\n\t\t\t\t\t\t<div class=\"elementor-element elementor-element-7f850bd elementor-widget elementor-widget-heading\" data-id=\"7f850bd\" data-element_type=\"widget\" data-widget_type=\"heading.default\">\n\t\t\t\t<div class=\"elementor-widget-container\">\n\t\t\t\t\t<h1 class=\"elementor-heading-title elementor-size-default\">Eventos para Matrimonios<\/h1>\t\t\t\t<\/div>\n\t\t\t\t<\/div>\n\t\t\t\t\t<\/div>\n\t\t<\/div>\n\t\t\t\t\t<\/div>\n\t\t<\/section>\n\t\t\t\t<section data-particle_enable=\"false\" data-particle-mobile-disabled=\"false\" class=\"elementor-section elementor-top-section elementor-element elementor-element-c402d7a elementor-section-boxed elementor-section-height-default elementor-section-height-default\" data-id=\"c402d7a\" data-element_type=\"section\">\n\t\t\t\t\t\t<div class=\"elementor-container elementor-column-gap-default\">\n\t\t\t\t\t<div class=\"elementor-column elementor-col-100 elementor-top-column elementor-element elementor-element-d83525a\" data-id=\"d83525a\" data-element_type=\"column\">\n\t\t\t<div class=\"elementor-widget-wrap elementor-element-populated\">\n\t\t\t\t\t\t<div class=\"elementor-element elementor-element-021d123 elementor-invisible elementor-widget elementor-widget-spacer\" data-id=\"021d123\" data-element_type=\"widget\" data-settings=\"{&quot;_animation&quot;:&quot;fadeIn&quot;}\" data-widget_type=\"spacer.default\">\n\t\t\t\t<div class=\"elementor-widget-container\">\n\t\t\t\t\t\t\t<div class=\"elementor-spacer\">\n\t\t\t<div class=\"elementor-spacer-inner\"><\/div>\n\t\t<\/div>\n\t\t\t\t\t\t<\/div>\n\t\t\t\t<\/div>\n\t\t\t\t<div class=\"elementor-element elementor-element-83236ec elementor-invisible elementor-widget elementor-widget-text-editor\" data-id=\"83236ec\" data-element_type=\"widget\" data-settings=\"{&quot;_animation&quot;:&quot;bounceInDown&quot;}\" data-widget_type=\"text-editor.default\">\n\t\t\t\t<div class=\"elementor-widget-container\">\n\t\t\t\t\t\t\t\t\t<blockquote><p>\u00bfConsulte con <a href=\"https:\/\/www.vidaenfamilia.org\/representantes-de-familylife\/\" target=\"_blank\" rel=\"noopener\">los representantes m\u00e1s cercanos<\/a> para traer este retiro a tu ciudad!<\/p><\/blockquote>\t\t\t\t\t\t\t\t<\/div>\n\t\t\t\t<\/div>\n\t\t\t\t\t<\/div>\n\t\t<\/div>\n\t\t\t\t\t<\/div>\n\t\t<\/section>\n\t\t\t\t<section data-particle_enable=\"false\" data-particle-mobile-disabled=\"false\" class=\"elementor-section elementor-top-section elementor-element elementor-element-7418955 elementor-section-boxed elementor-section-height-default elementor-section-height-default\" data-id=\"7418955\" data-element_type=\"section\" data-settings=\"{&quot;background_background&quot;:&quot;classic&quot;}\">\n\t\t\t\t\t\t<div class=\"elementor-container elementor-column-gap-default\">\n\t\t\t\t\t<div class=\"elementor-column elementor-col-33 elementor-top-column elementor-element elementor-element-49af2d3\" data-id=\"49af2d3\" data-element_type=\"column\">\n\t\t\t<div class=\"elementor-widget-wrap elementor-element-populated\">\n\t\t\t\t\t\t<div class=\"elementor-element elementor-element-8f0b896 elementor-widget elementor-widget-image\" data-id=\"8f0b896\" data-element_type=\"widget\" data-widget_type=\"image.default\">\n\t\t\t\t<div class=\"elementor-widget-container\">\n\t\t\t\t\t\t\t\t\t\t\t\t\t\t\t<img decoding=\"async\" src=\"https:\/\/wp-stage.familylife.com\/vidaenfamilia\/wp-content\/uploads\/sites\/254\/2019\/08\/Spanish-WTR-Manual-Cover-2017-11-21-optimized-150.jpg?w=751\" title=\"Spanish WTR Manual Cover 2017-11-21 (optimized) 150\" alt=\"Spanish WTR Manual Cover 2017-11-21 (optimized) 150\" loading=\"lazy\" \/>\t\t\t\t\t\t\t\t\t\t\t\t\t\t\t<\/div>\n\t\t\t\t<\/div>\n\t\t\t\t\t<\/div>\n\t\t<\/div>\n\t\t\t\t<div class=\"elementor-column elementor-col-66 elementor-top-column elementor-element elementor-element-4036350\" data-id=\"4036350\" data-element_type=\"column\">\n\t\t\t<div class=\"elementor-widget-wrap elementor-element-populated\">\n\t\t\t\t\t\t<div class=\"elementor-element elementor-element-3ce51a2 elementor-widget elementor-widget-heading\" data-id=\"3ce51a2\" data-element_type=\"widget\" data-widget_type=\"heading.default\">\n\t\t\t\t<div class=\"elementor-widget-container\">\n\t\t\t\t\t<h2 class=\"elementor-heading-title elementor-size-default\">Fin de semana para recordar<\/h2>\t\t\t\t<\/div>\n\t\t\t\t<\/div>\n\t\t\t\t<div class=\"elementor-element elementor-element-4e42b90 elementor-widget elementor-widget-text-editor\" data-id=\"4e42b90\" data-element_type=\"widget\" data-widget_type=\"text-editor.default\">\n\t\t\t\t<div class=\"elementor-widget-container\">\n\t\t\t\t\t\t\t\t\t<p>\u201cSi Jehov\u00e1 no edificare la casa, en vano trabajan los que la edifican\u201d. <strong>Salmo 127:1<\/strong><\/p><p>Un seminario enfocado en el tema de la unidad matrimonial, que presenta la base b\u00edblica para edificar un hogar s\u00f3lido y permanente, presentando los aspectos pr\u00e1cticos del matrimonio.<\/p><p>Contrasta el plan de Dios con el plan que la sociedad actual propone para el matrimonio.<\/p><p>Permite poner en pr\u00e1ctica lo aprendido inmediatamente.<\/p><p>Enfatiza el participar y servir en una iglesia cristiana local para el mejor crecimiento espiritual de la pareja.<\/p><p>Anima a los participantes a transmitir a otros los principios sobre el matrimonio aprendidos en el seminario.<\/p><p>Se desarrolla en un ambiente relajado y amistoso que permite a los participantes concentrarse en su propia relaci\u00f3n matrimonial.<\/p><p>Provee un manual de trabajo, comprensible y completo, con bosquejos, proyectos de aplicaci\u00f3n y bibliograf\u00eda.<\/p><p>\u00bfPrefiere ingl\u00e9s? Check out the <a href=\"https:\/\/www.familylife.com\/weekend-to-remember\" target=\"blank\">Weekend to Remember!<\/a><\/p>\t\t\t\t\t\t\t\t<\/div>\n\t\t\t\t<\/div>\n\t\t\t\t\t<\/div>\n\t\t<\/div>\n\t\t\t\t\t<\/div>\n\t\t<\/section>\n\t\t\t\t<section data-particle_enable=\"false\" data-particle-mobile-disabled=\"false\" class=\"elementor-section elementor-top-section elementor-element elementor-element-12ca1eb elementor-section-boxed elementor-section-height-default elementor-section-height-default\" data-id=\"12ca1eb\" data-element_type=\"section\">\n\t\t\t\t\t\t<div class=\"elementor-container elementor-column-gap-default\">\n\t\t\t\t\t<div class=\"elementor-column elementor-col-33 elementor-top-column elementor-element elementor-element-f5c8db9\" data-id=\"f5c8db9\" data-element_type=\"column\">\n\t\t\t<div class=\"elementor-widget-wrap elementor-element-populated\">\n\t\t\t\t\t\t<div class=\"elementor-element elementor-element-c377c84 elementor-widget elementor-widget-image\" data-id=\"c377c84\" data-element_type=\"widget\" data-widget_type=\"image.default\">\n\t\t\t\t<div class=\"elementor-widget-container\">\n\t\t\t\t\t\t\t\t\t\t\t\t\t\t\t<img decoding=\"async\" src=\"https:\/\/wp-stage.familylife.com\/vidaenfamilia\/wp-content\/uploads\/sites\/254\/2019\/08\/Spanish-UnDiaParaRecordar-Cover-2017-11-21-optimized-150.jpg?w=751\" title=\"Spanish UnDiaParaRecordar Cover 2017-11-21 (optimized) 150\" alt=\"Spanish UnDiaParaRecordar Cover 2017-11-21 (optimized) 150\" loading=\"lazy\" \/>\t\t\t\t\t\t\t\t\t\t\t\t\t\t\t<\/div>\n\t\t\t\t<\/div>\n\t\t\t\t\t<\/div>\n\t\t<\/div>\n\t\t\t\t<div class=\"elementor-column elementor-col-66 elementor-top-column elementor-element elementor-element-f44a1b8\" data-id=\"f44a1b8\" data-element_type=\"column\">\n\t\t\t<div class=\"elementor-widget-wrap elementor-element-populated\">\n\t\t\t\t\t\t<div class=\"elementor-element elementor-element-bc3b580 elementor-widget elementor-widget-heading\" data-id=\"bc3b580\" data-element_type=\"widget\" data-widget_type=\"heading.default\">\n\t\t\t\t<div class=\"elementor-widget-container\">\n\t\t\t\t\t<h2 class=\"elementor-heading-title elementor-size-default\">Un D\u00eda para recordar<\/h2>\t\t\t\t<\/div>\n\t\t\t\t<\/div>\n\t\t\t\t<div class=\"elementor-element elementor-element-912bfd4 elementor-widget elementor-widget-text-editor\" data-id=\"912bfd4\" data-element_type=\"widget\" data-widget_type=\"text-editor.default\">\n\t\t\t\t<div class=\"elementor-widget-container\">\n\t\t\t\t\t\t\t\t\t<p>Principios pr\u00e1cticos para una relaci\u00f3n matrimonial duradera.<\/p><p><strong>Temas:<\/strong><\/p><ol><li>\u00bfPor que\u0301 fracasan los matrimonios?<\/li><li>De mujer a mujer<\/li><li>De hombre a hombre<\/li><li>Matrimonio al ponerse el sol<\/li><li>Nosotros tambi\u00e9n peleamos<\/li><li>Lo que todo matrimonio necesita<\/li><\/ol><p><br \/>Se desarrolla en un ambiente de cordialidad. Los temas son tratados con amenidad, ayudas visuales y un manual completo con los bosquejos y notas del seminario. Tienen una aplicaci\u00f3n pr\u00e1ctica que la pareja trabaja en el tiempo asignado. \u00a1Ustedes los disfrutar\u00e1n!<\/p>\t\t\t\t\t\t\t\t<\/div>\n\t\t\t\t<\/div>\n\t\t\t\t\t<\/div>\n\t\t<\/div>\n\t\t\t\t\t<\/div>\n\t\t<\/section>\n\t\t\t\t<section data-particle_enable=\"false\" data-particle-mobile-disabled=\"false\" class=\"elementor-section elementor-top-section elementor-element elementor-element-3bc5fad elementor-section-boxed elementor-section-height-default elementor-section-height-default\" data-id=\"3bc5fad\" data-element_type=\"section\">\n\t\t\t\t\t\t<div class=\"elementor-container elementor-column-gap-default\">\n\t\t\t\t\t<div class=\"elementor-column elementor-col-33 elementor-top-column elementor-element elementor-element-c81b123\" data-id=\"c81b123\" data-element_type=\"column\">\n\t\t\t<div class=\"elementor-widget-wrap elementor-element-populated\">\n\t\t\t\t\t\t<div class=\"elementor-element elementor-element-afd254b elementor-widget elementor-widget-image\" data-id=\"afd254b\" data-element_type=\"widget\" data-widget_type=\"image.default\">\n\t\t\t\t<div class=\"elementor-widget-container\">\n\t\t\t\t\t\t\t\t\t\t\t\t\t\t\t<img decoding=\"async\" src=\"https:\/\/wp-stage.familylife.com\/vidaenfamilia\/wp-content\/uploads\/sites\/254\/2019\/08\/Aceptandose-y-comunicandose-con-amor-Cover-2017-11-21-optimized-150.jpg?w=751\" title=\"Aceptandose y comunicandose con amor Cover 2017-11-21 (optimized) 150\" alt=\"Aceptandose y comunicandose con amor Cover 2017-11-21 (optimized) 150\" loading=\"lazy\" \/>\t\t\t\t\t\t\t\t\t\t\t\t\t\t\t<\/div>\n\t\t\t\t<\/div>\n\t\t\t\t\t<\/div>\n\t\t<\/div>\n\t\t\t\t<div class=\"elementor-column elementor-col-66 elementor-top-column elementor-element elementor-element-bc4ef7b\" data-id=\"bc4ef7b\" data-element_type=\"column\">\n\t\t\t<div class=\"elementor-widget-wrap elementor-element-populated\">\n\t\t\t\t\t\t<div class=\"elementor-element elementor-element-eb96c9a elementor-widget elementor-widget-heading\" data-id=\"eb96c9a\" data-element_type=\"widget\" data-widget_type=\"heading.default\">\n\t\t\t\t<div class=\"elementor-widget-container\">\n\t\t\t\t\t<h2 class=\"elementor-heading-title elementor-size-default\">Acept\u00e1ndose y comunic\u00e1ndose con amor<\/h2>\t\t\t\t<\/div>\n\t\t\t\t<\/div>\n\t\t\t\t<div class=\"elementor-element elementor-element-6e3f88f elementor-widget elementor-widget-text-editor\" data-id=\"6e3f88f\" data-element_type=\"widget\" data-widget_type=\"text-editor.default\">\n\t\t\t\t<div class=\"elementor-widget-container\">\n\t\t\t\t\t\t\t\t\t<p>Principios pr\u00e1cticos para una relaci\u00f3n matrimonial duradera.<\/p><p><strong>Temas:<\/strong><\/p><ol><li>De \u00bfC\u00f3mo? a \u00a1Incre\u00edble!<\/li><li>Descubriendo el misterio del matrimonio<\/li><li>\u00bfPodemos hablar?<\/li><li>Dejando un legado<\/li><\/ol><p><br \/>Nunca es demasiado tarde para aplicar la verdad de Dios en las relaciones. S\u00f3lo preg\u00fantale a la multitud de parejas que estaban al borde del divorcio cuando nos encontraron y hoy gozan de relaciones s\u00f3lidas; o a las parejas que descubrieron un nivel de intimidad que nunca pensaron posible; o a los padres que acudieron a nosotros cuando su hijo o hija se ve\u00eda en problemas. Estamos listos para ayudar.<\/p>\t\t\t\t\t\t\t\t<\/div>\n\t\t\t\t<\/div>\n\t\t\t\t\t<\/div>\n\t\t<\/div>\n\t\t\t\t\t<\/div>\n\t\t<\/section>\n\t\t\t\t<\/div>\n\t\t","protected":false},"excerpt":{"rendered":"<p>Eventos para Matrimonios \u00bfConsulte con los representantes m\u00e1s cercanos para traer este retiro a tu ciudad! Fin de semana para recordar \u201cSi Jehov\u00e1 no edificare la casa, en vano trabajan los que la edifican\u201d. Salmo 127:1 Un seminario enfocado en el tema de la unidad matrimonial, que presenta la base b\u00edblica para edificar un hogar [&hellip;]<\/p>\n","protected":false},"author":57,"featured_media":0,"parent":0,"menu_order":0,"comment_status":"closed","ping_status":"closed","template":"","meta":{"_acf_changed":false,"inline_featured_image":false,"fl_requires_login":false,"footnotes":""},"class_list":["post-91686","page","type-page","status-publish","hentry"],"acf":[],"yoast_head":"<!-- This site is optimized with the Yoast SEO Premium plugin v18.3 (Yoast SEO v26.7) - https:\/\/yoast.com\/wordpress\/plugins\/seo\/ -->\n<title>Eventos para matrimonios - Vida en Familia<\/title>\n<meta name=\"robots\" content=\"index, follow, max-snippet:-1, max-image-preview:large, max-video-preview:-1\" \/>\n<link rel=\"canonical\" href=\"https:\/\/wp-stage.familylife.com\/vidaenfamilia\/eventos_para_matrimonios\/\" \/>\n<meta property=\"og:locale\" content=\"es_ES\" \/>\n<meta property=\"og:type\" content=\"article\" \/>\n<meta property=\"og:title\" content=\"Eventos para matrimonios\" \/>\n<meta property=\"og:description\" content=\"Eventos para Matrimonios \u00bfConsulte con los representantes m\u00e1s cercanos para traer este retiro a tu ciudad! Fin de semana para recordar \u201cSi Jehov\u00e1 no edificare la casa, en vano trabajan los que la edifican\u201d. Salmo 127:1 Un seminario enfocado en el tema de la unidad matrimonial, que presenta la base b\u00edblica para edificar un hogar [&hellip;]\" \/>\n<meta property=\"og:url\" content=\"https:\/\/wp-stage.familylife.com\/vidaenfamilia\/eventos_para_matrimonios\/\" \/>\n<meta property=\"og:site_name\" content=\"Vida en Familia\" \/>\n<meta property=\"article:modified_time\" content=\"2020-11-19T21:59:11+00:00\" \/>\n<meta property=\"og:image\" content=\"https:\/\/wp-stage.familylife.com\/vidaenfamilia\/wp-content\/uploads\/sites\/254\/2019\/08\/Spanish-WTR-Manual-Cover-2017-11-21-optimized-150.jpg\" \/>\n<meta name=\"twitter:card\" content=\"summary_large_image\" \/>\n<meta name=\"twitter:label1\" content=\"Tiempo de lectura\" \/>\n\t<meta name=\"twitter:data1\" content=\"2 minutos\" \/>\n<script type=\"application\/ld+json\" class=\"yoast-schema-graph\">{\"@context\":\"https:\/\/schema.org\",\"@graph\":[{\"@type\":\"WebPage\",\"@id\":\"https:\/\/wp-stage.familylife.com\/vidaenfamilia\/eventos_para_matrimonios\/\",\"url\":\"https:\/\/wp-stage.familylife.com\/vidaenfamilia\/eventos_para_matrimonios\/\",\"name\":\"Eventos para matrimonios - Vida en Familia\",\"isPartOf\":{\"@id\":\"https:\/\/wp-stage.familylife.com\/vidaenfamilia\/#website\"},\"primaryImageOfPage\":{\"@id\":\"https:\/\/wp-stage.familylife.com\/vidaenfamilia\/eventos_para_matrimonios\/#primaryimage\"},\"image\":{\"@id\":\"https:\/\/wp-stage.familylife.com\/vidaenfamilia\/eventos_para_matrimonios\/#primaryimage\"},\"thumbnailUrl\":\"https:\/\/wp-stage.familylife.com\/vidaenfamilia\/wp-content\/uploads\/sites\/254\/2019\/08\/Spanish-WTR-Manual-Cover-2017-11-21-optimized-150.jpg\",\"datePublished\":\"2019-08-29T13:32:00+00:00\",\"dateModified\":\"2020-11-19T21:59:11+00:00\",\"breadcrumb\":{\"@id\":\"https:\/\/wp-stage.familylife.com\/vidaenfamilia\/eventos_para_matrimonios\/#breadcrumb\"},\"inLanguage\":\"es\",\"potentialAction\":[{\"@type\":\"ReadAction\",\"target\":[\"https:\/\/wp-stage.familylife.com\/vidaenfamilia\/eventos_para_matrimonios\/\"]}]},{\"@type\":\"ImageObject\",\"inLanguage\":\"es\",\"@id\":\"https:\/\/wp-stage.familylife.com\/vidaenfamilia\/eventos_para_matrimonios\/#primaryimage\",\"url\":\"https:\/\/wp-stage.familylife.com\/vidaenfamilia\/wp-content\/uploads\/sites\/254\/2019\/08\/Spanish-WTR-Manual-Cover-2017-11-21-optimized-150.jpg\",\"contentUrl\":\"https:\/\/wp-stage.familylife.com\/vidaenfamilia\/wp-content\/uploads\/sites\/254\/2019\/08\/Spanish-WTR-Manual-Cover-2017-11-21-optimized-150.jpg\"},{\"@type\":\"BreadcrumbList\",\"@id\":\"https:\/\/wp-stage.familylife.com\/vidaenfamilia\/eventos_para_matrimonios\/#breadcrumb\",\"itemListElement\":[{\"@type\":\"ListItem\",\"position\":1,\"name\":\"Home\",\"item\":\"https:\/\/wp-stage.familylife.com\/vidaenfamilia\/\"},{\"@type\":\"ListItem\",\"position\":2,\"name\":\"Eventos para matrimonios\"}]},{\"@type\":\"WebSite\",\"@id\":\"https:\/\/wp-stage.familylife.com\/vidaenfamilia\/#website\",\"url\":\"https:\/\/wp-stage.familylife.com\/vidaenfamilia\/\",\"name\":\"Vida en Familia\",\"description\":\"FamilyLifeLAC\",\"potentialAction\":[{\"@type\":\"SearchAction\",\"target\":{\"@type\":\"EntryPoint\",\"urlTemplate\":\"https:\/\/wp-stage.familylife.com\/vidaenfamilia\/?s={search_term_string}\"},\"query-input\":{\"@type\":\"PropertyValueSpecification\",\"valueRequired\":true,\"valueName\":\"search_term_string\"}}],\"inLanguage\":\"es\"}]}<\/script>\n<!-- \/ Yoast SEO Premium plugin. -->","yoast_head_json":{"title":"Eventos para matrimonios - Vida en Familia","robots":{"index":"index","follow":"follow","max-snippet":"max-snippet:-1","max-image-preview":"max-image-preview:large","max-video-preview":"max-video-preview:-1"},"canonical":"https:\/\/wp-stage.familylife.com\/vidaenfamilia\/eventos_para_matrimonios\/","og_locale":"es_ES","og_type":"article","og_title":"Eventos para matrimonios","og_description":"Eventos para Matrimonios \u00bfConsulte con los representantes m\u00e1s cercanos para traer este retiro a tu ciudad! Fin de semana para recordar \u201cSi Jehov\u00e1 no edificare la casa, en vano trabajan los que la edifican\u201d. Salmo 127:1 Un seminario enfocado en el tema de la unidad matrimonial, que presenta la base b\u00edblica para edificar un hogar [&hellip;]","og_url":"https:\/\/wp-stage.familylife.com\/vidaenfamilia\/eventos_para_matrimonios\/","og_site_name":"Vida en Familia","article_modified_time":"2020-11-19T21:59:11+00:00","og_image":[{"url":"https:\/\/wp-stage.familylife.com\/vidaenfamilia\/wp-content\/uploads\/sites\/254\/2019\/08\/Spanish-WTR-Manual-Cover-2017-11-21-optimized-150.jpg","type":"","width":"","height":""}],"twitter_card":"summary_large_image","twitter_misc":{"Tiempo de lectura":"2 minutos"},"schema":{"@context":"https:\/\/schema.org","@graph":[{"@type":"WebPage","@id":"https:\/\/wp-stage.familylife.com\/vidaenfamilia\/eventos_para_matrimonios\/","url":"https:\/\/wp-stage.familylife.com\/vidaenfamilia\/eventos_para_matrimonios\/","name":"Eventos para matrimonios - Vida en Familia","isPartOf":{"@id":"https:\/\/wp-stage.familylife.com\/vidaenfamilia\/#website"},"primaryImageOfPage":{"@id":"https:\/\/wp-stage.familylife.com\/vidaenfamilia\/eventos_para_matrimonios\/#primaryimage"},"image":{"@id":"https:\/\/wp-stage.familylife.com\/vidaenfamilia\/eventos_para_matrimonios\/#primaryimage"},"thumbnailUrl":"https:\/\/wp-stage.familylife.com\/vidaenfamilia\/wp-content\/uploads\/sites\/254\/2019\/08\/Spanish-WTR-Manual-Cover-2017-11-21-optimized-150.jpg","datePublished":"2019-08-29T13:32:00+00:00","dateModified":"2020-11-19T21:59:11+00:00","breadcrumb":{"@id":"https:\/\/wp-stage.familylife.com\/vidaenfamilia\/eventos_para_matrimonios\/#breadcrumb"},"inLanguage":"es","potentialAction":[{"@type":"ReadAction","target":["https:\/\/wp-stage.familylife.com\/vidaenfamilia\/eventos_para_matrimonios\/"]}]},{"@type":"ImageObject","inLanguage":"es","@id":"https:\/\/wp-stage.familylife.com\/vidaenfamilia\/eventos_para_matrimonios\/#primaryimage","url":"https:\/\/wp-stage.familylife.com\/vidaenfamilia\/wp-content\/uploads\/sites\/254\/2019\/08\/Spanish-WTR-Manual-Cover-2017-11-21-optimized-150.jpg","contentUrl":"https:\/\/wp-stage.familylife.com\/vidaenfamilia\/wp-content\/uploads\/sites\/254\/2019\/08\/Spanish-WTR-Manual-Cover-2017-11-21-optimized-150.jpg"},{"@type":"BreadcrumbList","@id":"https:\/\/wp-stage.familylife.com\/vidaenfamilia\/eventos_para_matrimonios\/#breadcrumb","itemListElement":[{"@type":"ListItem","position":1,"name":"Home","item":"https:\/\/wp-stage.familylife.com\/vidaenfamilia\/"},{"@type":"ListItem","position":2,"name":"Eventos para matrimonios"}]},{"@type":"WebSite","@id":"https:\/\/wp-stage.familylife.com\/vidaenfamilia\/#website","url":"https:\/\/wp-stage.familylife.com\/vidaenfamilia\/","name":"Vida en Familia","description":"FamilyLifeLAC","potentialAction":[{"@type":"SearchAction","target":{"@type":"EntryPoint","urlTemplate":"https:\/\/wp-stage.familylife.com\/vidaenfamilia\/?s={search_term_string}"},"query-input":{"@type":"PropertyValueSpecification","valueRequired":true,"valueName":"search_term_string"}}],"inLanguage":"es"}]}},"meta_box":{"_cloudsearch_visibility":""},"_links":{"self":[{"href":"https:\/\/wp-stage.familylife.com\/vidaenfamilia\/wp-json\/wp\/v2\/pages\/91686","targetHints":{"allow":["GET"]}}],"collection":[{"href":"https:\/\/wp-stage.familylife.com\/vidaenfamilia\/wp-json\/wp\/v2\/pages"}],"about":[{"href":"https:\/\/wp-stage.familylife.com\/vidaenfamilia\/wp-json\/wp\/v2\/types\/page"}],"author":[{"embeddable":true,"href":"https:\/\/wp-stage.familylife.com\/vidaenfamilia\/wp-json\/wp\/v2\/users\/57"}],"replies":[{"embeddable":true,"href":"https:\/\/wp-stage.familylife.com\/vidaenfamilia\/wp-json\/wp\/v2\/comments?post=91686"}],"version-history":[{"count":0,"href":"https:\/\/wp-stage.familylife.com\/vidaenfamilia\/wp-json\/wp\/v2\/pages\/91686\/revisions"}],"wp:attachment":[{"href":"https:\/\/wp-stage.familylife.com\/vidaenfamilia\/wp-json\/wp\/v2\/media?parent=91686"}],"curies":[{"name":"wp","href":"https:\/\/api.w.org\/{rel}","templated":true}]}}