{"id":91673,"date":"2019-08-29T12:41:37","date_gmt":"2019-08-29T12:41:37","guid":{"rendered":"https:\/\/sites-stage.familylife.com\/vidaenfamilia\/?page_id=91673"},"modified":"2023-07-11T15:58:58","modified_gmt":"2023-07-11T20:58:58","slug":"constructores-del-hogar-serie-para-padres","status":"publish","type":"page","link":"https:\/\/wp-stage.familylife.com\/vidaenfamilia\/constructores-del-hogar-serie-para-padres\/","title":{"rendered":"Constructores-del-Hogar-Serie-para-Padres"},"content":{"rendered":"\t\t<div data-elementor-type=\"wp-post\" data-elementor-id=\"91673\" class=\"elementor elementor-91673\" data-elementor-post-type=\"page\">\n\t\t\t\t\t\t<section data-particle_enable=\"false\" data-particle-mobile-disabled=\"false\" class=\"elementor-section elementor-top-section elementor-element elementor-element-4ba243c elementor-section-full_width elementor-section-height-min-height elementor-section-height-default elementor-section-items-middle\" data-id=\"4ba243c\" data-element_type=\"section\" data-settings=\"{&quot;background_background&quot;:&quot;classic&quot;}\">\n\t\t\t\t\t\t<div class=\"elementor-container elementor-column-gap-default\">\n\t\t\t\t\t<div class=\"elementor-column elementor-col-100 elementor-top-column elementor-element elementor-element-1b68c39\" data-id=\"1b68c39\" data-element_type=\"column\">\n\t\t\t<div class=\"elementor-widget-wrap elementor-element-populated\">\n\t\t\t\t\t\t<div class=\"elementor-element elementor-element-fb22750 elementor-widget elementor-widget-image\" data-id=\"fb22750\" data-element_type=\"widget\" data-widget_type=\"image.default\">\n\t\t\t\t<div class=\"elementor-widget-container\">\n\t\t\t\t\t\t\t\t\t\t\t\t\t\t\t<img decoding=\"async\" src=\"https:\/\/wp-stage.familylife.com\/vidaenfamilia\/wp-content\/uploads\/sites\/254\/2019\/09\/ConstructoresPadresLogoInv-640x257.png?w=400\" title=\"ConstructoresPadresLogoInv-640\u00d7257\" alt=\"ConstructoresPadresLogoInv-640x257\" loading=\"lazy\" \/>\t\t\t\t\t\t\t\t\t\t\t\t\t\t\t<\/div>\n\t\t\t\t<\/div>\n\t\t\t\t\t<\/div>\n\t\t<\/div>\n\t\t\t\t\t<\/div>\n\t\t<\/section>\n\t\t\t\t<section data-particle_enable=\"false\" data-particle-mobile-disabled=\"false\" class=\"elementor-section elementor-top-section elementor-element elementor-element-5223dff elementor-section-boxed elementor-section-height-default elementor-section-height-default\" data-id=\"5223dff\" data-element_type=\"section\" data-settings=\"{&quot;background_background&quot;:&quot;classic&quot;}\">\n\t\t\t\t\t\t<div class=\"elementor-container elementor-column-gap-default\">\n\t\t\t\t\t<div class=\"elementor-column elementor-col-100 elementor-top-column elementor-element elementor-element-5989055\" data-id=\"5989055\" data-element_type=\"column\">\n\t\t\t<div class=\"elementor-widget-wrap elementor-element-populated\">\n\t\t\t\t\t\t<div class=\"elementor-element elementor-element-250cf05 elementor-widget elementor-widget-text-editor\" data-id=\"250cf05\" data-element_type=\"widget\" data-widget_type=\"text-editor.default\">\n\t\t\t\t<div class=\"elementor-widget-container\">\n\t\t\t\t\t\t\t\t\t<h2>Constructores del Hogar Serie para Padres\u00ae<\/h2><p>Ya sea que sus hijos tengan cinco meses, cinco a\u00f1os o sean adolescentes, Constructores del Hogar Serie para Padres\u00ae permitir\u00e1 que los pap\u00e1s y las mam\u00e1s amen a sus hijos como Dios ama, con Su gracia. Aprender\u00e1 verdades pr\u00e1cticas para criar hijos espiritualmente fuertes con corazones sanos llenos de prop\u00f3sito y esperanza. Capturar\u00e1 una visi\u00f3n b\u00edblica para construir hijos que muestren confianza, valor y amistad. Esta serie de planes de estudio para padres es un seguimiento perfecto de la serie de grupos peque\u00f1os El Arte de Ser Padres\u00ae de FamilyLife.<\/p><p>Recomendamos comenzar con el estudio de cuatro semanas, Manteniendo su Pacto, un PDF\u00a0<a style=\"background-color: #f9f9f9;\" href=\"https:\/\/www.vidaenfamilia.org\/manteniendo-su-pacto\/\" target=\"_blank\" rel=\"noopener\">descargable\u00a0<\/a>reproducible disponible en varios idiomas. O vea una lista completa de los t\u00edtulos de disponibles de Constructores del Hogar.<\/p><p>Para solicitar estos recursos en Am\u00e9rica Latina, comun\u00edquese con nuestro <a href=\"\/vidaenfamilia\/representantes-de-familylife\/\"> representante <\/a>en su pa\u00eds.<\/p><p>Para solicitar estos recursos en los Estados Unidos, vaya a nuestra<a href=\"https:\/\/shop.familylife.com\/search.aspx?ProductType=&amp;SearchType=Any&amp;SearchText=spanish&amp;page=1&amp;pagesize=5#results\" target=\"blank\"> tienda en l\u00ednea<\/a>.<\/p><p>Para obtener m\u00e1s informaci\u00f3n sobre c\u00f3mo organizar un grupo peque\u00f1o de Constructores del Hogar, descargue la gu\u00eda r\u00e1pida para empezar, <a href=\"https:\/\/www.vidaenfamilia.org\/wp-content\/uploads\/sites\/254\/2019\/09\/13-08-updated-for-review-HB_QuickStart_Guide-Spanish.pdf\" target=\"blank\"><u>Iniciando un Grupo de Constructores del Hogar<\/u><\/a>.<\/p>\t\t\t\t\t\t\t\t<\/div>\n\t\t\t\t<\/div>\n\t\t\t\t\t<\/div>\n\t\t<\/div>\n\t\t\t\t\t<\/div>\n\t\t<\/section>\n\t\t\t\t<section data-particle_enable=\"false\" data-particle-mobile-disabled=\"false\" class=\"elementor-section elementor-top-section elementor-element elementor-element-fb34127 elementor-section-boxed elementor-section-height-default elementor-section-height-default\" data-id=\"fb34127\" data-element_type=\"section\">\n\t\t\t\t\t\t<div class=\"elementor-container elementor-column-gap-default\">\n\t\t\t\t\t<div class=\"elementor-column elementor-col-100 elementor-top-column elementor-element elementor-element-3b045b9\" data-id=\"3b045b9\" data-element_type=\"column\">\n\t\t\t<div class=\"elementor-widget-wrap elementor-element-populated\">\n\t\t\t\t\t\t<div class=\"elementor-element elementor-element-4c4e8b7 elementor-widget elementor-widget-text-editor\" data-id=\"4c4e8b7\" data-element_type=\"widget\" data-widget_type=\"text-editor.default\">\n\t\t\t\t<div class=\"elementor-widget-container\">\n\t\t\t\t\t\t\t\t\t<h5 class=\"elementor-heading-title\">T\u00edtulos disponibles para la compra:<\/h5>\t\t\t\t\t\t\t\t<\/div>\n\t\t\t\t<\/div>\n\t\t\t\t\t<\/div>\n\t\t<\/div>\n\t\t\t\t\t<\/div>\n\t\t<\/section>\n\t\t\t\t<section data-particle_enable=\"false\" data-particle-mobile-disabled=\"false\" class=\"elementor-section elementor-top-section elementor-element elementor-element-799f3df elementor-section-boxed elementor-section-height-default elementor-section-height-default\" data-id=\"799f3df\" data-element_type=\"section\">\n\t\t\t\t\t\t<div class=\"elementor-container elementor-column-gap-default\">\n\t\t\t\t\t<div class=\"elementor-column elementor-col-50 elementor-top-column elementor-element elementor-element-7b2c251\" data-id=\"7b2c251\" data-element_type=\"column\">\n\t\t\t<div class=\"elementor-widget-wrap elementor-element-populated\">\n\t\t\t\t\t\t<div class=\"elementor-element elementor-element-1cf73e3 elementor-position-left cards elementor-vertical-align-top elementor-widget elementor-widget-image-box\" data-id=\"1cf73e3\" data-element_type=\"widget\" data-widget_type=\"image-box.default\">\n\t\t\t\t<div class=\"elementor-widget-container\">\n\t\t\t\t\t<div class=\"elementor-image-box-wrapper\"><figure class=\"elementor-image-box-img\"><img decoding=\"async\" width=\"155\" height=\"240\" src=\"https:\/\/wp-stage.familylife.com\/vidaenfamilia\/wp-content\/uploads\/sites\/254\/2019\/08\/Padres-MejorandoSuFuncionDePadres-155x240.jpg\" class=\"attachment-full size-full wp-image-91681\" alt=\"\" srcset=\"https:\/\/wp-stage.familylife.com\/vidaenfamilia\/wp-content\/uploads\/sites\/254\/2019\/08\/Padres-MejorandoSuFuncionDePadres-155x240.jpg 155w, https:\/\/wp-stage.familylife.com\/vidaenfamilia\/wp-content\/uploads\/sites\/254\/2019\/08\/Padres-MejorandoSuFuncionDePadres-155x240.jpg?resize=120,186 120w\" sizes=\"(max-width: 155px) 100vw, 155px\" \/><\/figure><div class=\"elementor-image-box-content\"><h3 class=\"elementor-image-box-title\">Mejorando su funci\u00f3n de padres<\/h3><p class=\"elementor-image-box-description\">Este estudio b\u00edblico din\u00e1mico e interactivo brinda a los padres las herramientas para ser las madres y los padres que Dios desea. Aprenda c\u00f3mo mejorar la comunicaci\u00f3n con su hijo, c\u00f3mo aplicar disciplina correctamente y c\u00f3mo desarrollar el car\u00e1cter de su hijo. \n<\/p><\/div><\/div>\t\t\t\t<\/div>\n\t\t\t\t<\/div>\n\t\t\t\t\t<\/div>\n\t\t<\/div>\n\t\t\t\t<div class=\"elementor-column elementor-col-50 elementor-top-column elementor-element elementor-element-9d8fa9f\" data-id=\"9d8fa9f\" data-element_type=\"column\">\n\t\t\t<div class=\"elementor-widget-wrap elementor-element-populated\">\n\t\t\t\t\t\t<div class=\"elementor-element elementor-element-8108500 elementor-position-left cards elementor-vertical-align-top elementor-widget elementor-widget-image-box\" data-id=\"8108500\" data-element_type=\"widget\" data-widget_type=\"image-box.default\">\n\t\t\t\t<div class=\"elementor-widget-container\">\n\t\t\t\t\t<div class=\"elementor-image-box-wrapper\"><figure class=\"elementor-image-box-img\"><img decoding=\"async\" width=\"155\" height=\"240\" src=\"https:\/\/wp-stage.familylife.com\/vidaenfamilia\/wp-content\/uploads\/sites\/254\/2019\/08\/Padres-GuiandoASusAdolescentes-155x240.jpg\" class=\"attachment-full size-full wp-image-91682\" alt=\"\" srcset=\"https:\/\/wp-stage.familylife.com\/vidaenfamilia\/wp-content\/uploads\/sites\/254\/2019\/08\/Padres-GuiandoASusAdolescentes-155x240.jpg 155w, https:\/\/wp-stage.familylife.com\/vidaenfamilia\/wp-content\/uploads\/sites\/254\/2019\/08\/Padres-GuiandoASusAdolescentes-155x240.jpg?resize=120,186 120w\" sizes=\"(max-width: 155px) 100vw, 155px\" \/><\/figure><div class=\"elementor-image-box-content\"><h3 class=\"elementor-image-box-title\">Guiando a sus adolescentes<\/h3><p class=\"elementor-image-box-description\">Siguiente parada: independencia y edad adulta. \u00bfEst\u00e1n listos sus hijos adolescentes? \u00bfSabe c\u00f3mo prepararlos? \u00bfSabe c\u00f3mo prepararse? Usted sabe que tiene que abrirle posibilidades a sus adolescentes, pero tambi\u00e9n quiere mantenerlos cerca. Desea que su conexi\u00f3n con ellos siga siendo fuerte. Prep\u00e1rese para lo que le espera a trav\u00e9s de este estudio de seis semanas. \n<\/p><\/div><\/div>\t\t\t\t<\/div>\n\t\t\t\t<\/div>\n\t\t\t\t\t<\/div>\n\t\t<\/div>\n\t\t\t\t\t<\/div>\n\t\t<\/section>\n\t\t\t\t<section data-particle_enable=\"false\" data-particle-mobile-disabled=\"false\" class=\"elementor-section elementor-top-section elementor-element elementor-element-a2510cf elementor-section-boxed elementor-section-height-default elementor-section-height-default\" data-id=\"a2510cf\" data-element_type=\"section\">\n\t\t\t\t\t\t<div class=\"elementor-container elementor-column-gap-default\">\n\t\t\t\t\t<div class=\"elementor-column elementor-col-50 elementor-top-column elementor-element elementor-element-b207df8\" data-id=\"b207df8\" data-element_type=\"column\">\n\t\t\t<div class=\"elementor-widget-wrap elementor-element-populated\">\n\t\t\t\t\t\t<div class=\"elementor-element elementor-element-86734f2 elementor-position-left cards elementor-vertical-align-top elementor-widget elementor-widget-image-box\" data-id=\"86734f2\" data-element_type=\"widget\" data-widget_type=\"image-box.default\">\n\t\t\t\t<div class=\"elementor-widget-container\">\n\t\t\t\t\t<div class=\"elementor-image-box-wrapper\"><figure class=\"elementor-image-box-img\"><img decoding=\"async\" width=\"155\" height=\"240\" src=\"https:\/\/wp-stage.familylife.com\/vidaenfamilia\/wp-content\/uploads\/sites\/254\/2019\/08\/Padres-CriandoHijosConFe-155x240.jpg\" class=\"attachment-full size-full wp-image-91683\" alt=\"\" srcset=\"https:\/\/wp-stage.familylife.com\/vidaenfamilia\/wp-content\/uploads\/sites\/254\/2019\/08\/Padres-CriandoHijosConFe-155x240.jpg 155w, https:\/\/wp-stage.familylife.com\/vidaenfamilia\/wp-content\/uploads\/sites\/254\/2019\/08\/Padres-CriandoHijosConFe-155x240.jpg?resize=120,186 120w\" sizes=\"(max-width: 155px) 100vw, 155px\" \/><\/figure><div class=\"elementor-image-box-content\"><h3 class=\"elementor-image-box-title\">Criando hijos con fe<\/h3><p class=\"elementor-image-box-description\">Como padres cristianos, queremos que nuestros hijos disfruten de una fe fuerte, exitosa y transformadora. Pero m\u00e1s all\u00e1 de ser ejemplos de fe fuerte, muchos de nosotros todav\u00eda nos preguntamos: \"\u00bfQu\u00e9 cosas espec\u00edficas podemos hacer para ser a\u00fan m\u00e1s efectivos para lograr que crezca la fe de nuestros hijos?\"\n<\/p><\/div><\/div>\t\t\t\t<\/div>\n\t\t\t\t<\/div>\n\t\t\t\t\t<\/div>\n\t\t<\/div>\n\t\t\t\t<div class=\"elementor-column elementor-col-50 elementor-top-column elementor-element elementor-element-2959123\" data-id=\"2959123\" data-element_type=\"column\">\n\t\t\t<div class=\"elementor-widget-wrap elementor-element-populated\">\n\t\t\t\t\t\t<div class=\"elementor-element elementor-element-8ca3864 elementor-position-left cards elementor-vertical-align-top elementor-widget elementor-widget-image-box\" data-id=\"8ca3864\" data-element_type=\"widget\" data-widget_type=\"image-box.default\">\n\t\t\t\t<div class=\"elementor-widget-container\">\n\t\t\t\t\t<div class=\"elementor-image-box-wrapper\"><figure class=\"elementor-image-box-img\"><img loading=\"lazy\" decoding=\"async\" width=\"155\" height=\"240\" src=\"https:\/\/wp-stage.familylife.com\/vidaenfamilia\/wp-content\/uploads\/sites\/254\/2019\/08\/Padres-EstableciendoDisciplina-155x240.jpg\" class=\"attachment-full size-full wp-image-91684\" alt=\"\" srcset=\"https:\/\/wp-stage.familylife.com\/vidaenfamilia\/wp-content\/uploads\/sites\/254\/2019\/08\/Padres-EstableciendoDisciplina-155x240.jpg 155w, https:\/\/wp-stage.familylife.com\/vidaenfamilia\/wp-content\/uploads\/sites\/254\/2019\/08\/Padres-EstableciendoDisciplina-155x240.jpg?resize=120,186 120w\" sizes=\"(max-width: 155px) 100vw, 155px\" \/><\/figure><div class=\"elementor-image-box-content\"><h3 class=\"elementor-image-box-title\">Estableciendo una disciplina efectiva para sus hijos<\/h3><p class=\"elementor-image-box-description\">Dios corrige a sus hijos porque los ama. Como padres, nuestra motivaci\u00f3n debe ser la misma. El prop\u00f3sito de la disciplina es construir el car\u00e1cter de nuestros hijos y fortalecer nuestra relaci\u00f3n con ellos. Si anhela moldear el car\u00e1cter de sus hijos de una manera sabia y amorosa, re\u00fanase con algunos amigos durante seis semanas para conversar sobre temas cruciales. \n<\/p><\/div><\/div>\t\t\t\t<\/div>\n\t\t\t\t<\/div>\n\t\t\t\t\t<\/div>\n\t\t<\/div>\n\t\t\t\t\t<\/div>\n\t\t<\/section>\n\t\t\t\t<\/div>\n\t\t","protected":false},"excerpt":{"rendered":"<p>Constructores del Hogar Serie para Padres\u00ae Ya sea que sus hijos tengan cinco meses, cinco a\u00f1os o sean adolescentes, Constructores del Hogar Serie para Padres\u00ae permitir\u00e1 que los pap\u00e1s y las mam\u00e1s amen a sus hijos como Dios ama, con Su gracia. Aprender\u00e1 verdades pr\u00e1cticas para criar hijos espiritualmente fuertes con corazones sanos llenos de [&hellip;]<\/p>\n","protected":false},"author":57,"featured_media":0,"parent":0,"menu_order":0,"comment_status":"closed","ping_status":"closed","template":"","meta":{"_acf_changed":false,"inline_featured_image":false,"fl_requires_login":false,"footnotes":""},"class_list":["post-91673","page","type-page","status-publish","hentry"],"acf":[],"yoast_head":"<!-- This site is optimized with the Yoast SEO Premium plugin v18.3 (Yoast SEO v26.7) - https:\/\/yoast.com\/wordpress\/plugins\/seo\/ -->\n<title>Constructores-del-Hogar-Serie-para-Padres - Vida en Familia<\/title>\n<meta name=\"robots\" content=\"index, follow, max-snippet:-1, max-image-preview:large, max-video-preview:-1\" \/>\n<link rel=\"canonical\" href=\"https:\/\/wp-stage.familylife.com\/vidaenfamilia\/constructores-del-hogar-serie-para-padres\/\" \/>\n<meta property=\"og:locale\" content=\"es_ES\" \/>\n<meta property=\"og:type\" content=\"article\" \/>\n<meta property=\"og:title\" content=\"Constructores-del-Hogar-Serie-para-Padres\" \/>\n<meta property=\"og:description\" content=\"Constructores del Hogar Serie para Padres\u00ae Ya sea que sus hijos tengan cinco meses, cinco a\u00f1os o sean adolescentes, Constructores del Hogar Serie para Padres\u00ae permitir\u00e1 que los pap\u00e1s y las mam\u00e1s amen a sus hijos como Dios ama, con Su gracia. Aprender\u00e1 verdades pr\u00e1cticas para criar hijos espiritualmente fuertes con corazones sanos llenos de [&hellip;]\" \/>\n<meta property=\"og:url\" content=\"https:\/\/wp-stage.familylife.com\/vidaenfamilia\/constructores-del-hogar-serie-para-padres\/\" \/>\n<meta property=\"og:site_name\" content=\"Vida en Familia\" \/>\n<meta property=\"article:modified_time\" content=\"2023-07-11T20:58:58+00:00\" \/>\n<meta property=\"og:image\" content=\"https:\/\/wp-stage.familylife.com\/vidaenfamilia\/wp-content\/uploads\/sites\/254\/elementor\/thumbs\/ConstructoresPadresLogoInv-640x257-oviknz0txt45h9b2yix7vj86ofp0an9c95h10rzgp6.png\" \/>\n<meta name=\"twitter:card\" content=\"summary_large_image\" \/>\n<meta name=\"twitter:label1\" content=\"Tiempo de lectura\" \/>\n\t<meta name=\"twitter:data1\" content=\"3 minutos\" \/>\n<script type=\"application\/ld+json\" class=\"yoast-schema-graph\">{\"@context\":\"https:\/\/schema.org\",\"@graph\":[{\"@type\":\"WebPage\",\"@id\":\"https:\/\/wp-stage.familylife.com\/vidaenfamilia\/constructores-del-hogar-serie-para-padres\/\",\"url\":\"https:\/\/wp-stage.familylife.com\/vidaenfamilia\/constructores-del-hogar-serie-para-padres\/\",\"name\":\"Constructores-del-Hogar-Serie-para-Padres - Vida en Familia\",\"isPartOf\":{\"@id\":\"https:\/\/wp-stage.familylife.com\/vidaenfamilia\/#website\"},\"primaryImageOfPage\":{\"@id\":\"https:\/\/wp-stage.familylife.com\/vidaenfamilia\/constructores-del-hogar-serie-para-padres\/#primaryimage\"},\"image\":{\"@id\":\"https:\/\/wp-stage.familylife.com\/vidaenfamilia\/constructores-del-hogar-serie-para-padres\/#primaryimage\"},\"thumbnailUrl\":\"https:\/\/wp-stage.familylife.com\/vidaenfamilia\/wp-content\/uploads\/sites\/254\/elementor\/thumbs\/ConstructoresPadresLogoInv-640x257-oviknz0txt45h9b2yix7vj86ofp0an9c95h10rzgp6.png\",\"datePublished\":\"2019-08-29T12:41:37+00:00\",\"dateModified\":\"2023-07-11T20:58:58+00:00\",\"breadcrumb\":{\"@id\":\"https:\/\/wp-stage.familylife.com\/vidaenfamilia\/constructores-del-hogar-serie-para-padres\/#breadcrumb\"},\"inLanguage\":\"es\",\"potentialAction\":[{\"@type\":\"ReadAction\",\"target\":[\"https:\/\/wp-stage.familylife.com\/vidaenfamilia\/constructores-del-hogar-serie-para-padres\/\"]}]},{\"@type\":\"ImageObject\",\"inLanguage\":\"es\",\"@id\":\"https:\/\/wp-stage.familylife.com\/vidaenfamilia\/constructores-del-hogar-serie-para-padres\/#primaryimage\",\"url\":\"https:\/\/wp-stage.familylife.com\/vidaenfamilia\/wp-content\/uploads\/sites\/254\/elementor\/thumbs\/ConstructoresPadresLogoInv-640x257-oviknz0txt45h9b2yix7vj86ofp0an9c95h10rzgp6.png\",\"contentUrl\":\"https:\/\/wp-stage.familylife.com\/vidaenfamilia\/wp-content\/uploads\/sites\/254\/elementor\/thumbs\/ConstructoresPadresLogoInv-640x257-oviknz0txt45h9b2yix7vj86ofp0an9c95h10rzgp6.png\"},{\"@type\":\"BreadcrumbList\",\"@id\":\"https:\/\/wp-stage.familylife.com\/vidaenfamilia\/constructores-del-hogar-serie-para-padres\/#breadcrumb\",\"itemListElement\":[{\"@type\":\"ListItem\",\"position\":1,\"name\":\"Home\",\"item\":\"https:\/\/wp-stage.familylife.com\/vidaenfamilia\/\"},{\"@type\":\"ListItem\",\"position\":2,\"name\":\"Constructores-del-Hogar-Serie-para-Padres\"}]},{\"@type\":\"WebSite\",\"@id\":\"https:\/\/wp-stage.familylife.com\/vidaenfamilia\/#website\",\"url\":\"https:\/\/wp-stage.familylife.com\/vidaenfamilia\/\",\"name\":\"Vida en Familia\",\"description\":\"FamilyLifeLAC\",\"potentialAction\":[{\"@type\":\"SearchAction\",\"target\":{\"@type\":\"EntryPoint\",\"urlTemplate\":\"https:\/\/wp-stage.familylife.com\/vidaenfamilia\/?s={search_term_string}\"},\"query-input\":{\"@type\":\"PropertyValueSpecification\",\"valueRequired\":true,\"valueName\":\"search_term_string\"}}],\"inLanguage\":\"es\"}]}<\/script>\n<!-- \/ Yoast SEO Premium plugin. -->","yoast_head_json":{"title":"Constructores-del-Hogar-Serie-para-Padres - Vida en Familia","robots":{"index":"index","follow":"follow","max-snippet":"max-snippet:-1","max-image-preview":"max-image-preview:large","max-video-preview":"max-video-preview:-1"},"canonical":"https:\/\/wp-stage.familylife.com\/vidaenfamilia\/constructores-del-hogar-serie-para-padres\/","og_locale":"es_ES","og_type":"article","og_title":"Constructores-del-Hogar-Serie-para-Padres","og_description":"Constructores del Hogar Serie para Padres\u00ae Ya sea que sus hijos tengan cinco meses, cinco a\u00f1os o sean adolescentes, Constructores del Hogar Serie para Padres\u00ae permitir\u00e1 que los pap\u00e1s y las mam\u00e1s amen a sus hijos como Dios ama, con Su gracia. Aprender\u00e1 verdades pr\u00e1cticas para criar hijos espiritualmente fuertes con corazones sanos llenos de [&hellip;]","og_url":"https:\/\/wp-stage.familylife.com\/vidaenfamilia\/constructores-del-hogar-serie-para-padres\/","og_site_name":"Vida en Familia","article_modified_time":"2023-07-11T20:58:58+00:00","og_image":[{"url":"https:\/\/wp-stage.familylife.com\/vidaenfamilia\/wp-content\/uploads\/sites\/254\/elementor\/thumbs\/ConstructoresPadresLogoInv-640x257-oviknz0txt45h9b2yix7vj86ofp0an9c95h10rzgp6.png","type":"","width":"","height":""}],"twitter_card":"summary_large_image","twitter_misc":{"Tiempo de lectura":"3 minutos"},"schema":{"@context":"https:\/\/schema.org","@graph":[{"@type":"WebPage","@id":"https:\/\/wp-stage.familylife.com\/vidaenfamilia\/constructores-del-hogar-serie-para-padres\/","url":"https:\/\/wp-stage.familylife.com\/vidaenfamilia\/constructores-del-hogar-serie-para-padres\/","name":"Constructores-del-Hogar-Serie-para-Padres - Vida en Familia","isPartOf":{"@id":"https:\/\/wp-stage.familylife.com\/vidaenfamilia\/#website"},"primaryImageOfPage":{"@id":"https:\/\/wp-stage.familylife.com\/vidaenfamilia\/constructores-del-hogar-serie-para-padres\/#primaryimage"},"image":{"@id":"https:\/\/wp-stage.familylife.com\/vidaenfamilia\/constructores-del-hogar-serie-para-padres\/#primaryimage"},"thumbnailUrl":"https:\/\/wp-stage.familylife.com\/vidaenfamilia\/wp-content\/uploads\/sites\/254\/elementor\/thumbs\/ConstructoresPadresLogoInv-640x257-oviknz0txt45h9b2yix7vj86ofp0an9c95h10rzgp6.png","datePublished":"2019-08-29T12:41:37+00:00","dateModified":"2023-07-11T20:58:58+00:00","breadcrumb":{"@id":"https:\/\/wp-stage.familylife.com\/vidaenfamilia\/constructores-del-hogar-serie-para-padres\/#breadcrumb"},"inLanguage":"es","potentialAction":[{"@type":"ReadAction","target":["https:\/\/wp-stage.familylife.com\/vidaenfamilia\/constructores-del-hogar-serie-para-padres\/"]}]},{"@type":"ImageObject","inLanguage":"es","@id":"https:\/\/wp-stage.familylife.com\/vidaenfamilia\/constructores-del-hogar-serie-para-padres\/#primaryimage","url":"https:\/\/wp-stage.familylife.com\/vidaenfamilia\/wp-content\/uploads\/sites\/254\/elementor\/thumbs\/ConstructoresPadresLogoInv-640x257-oviknz0txt45h9b2yix7vj86ofp0an9c95h10rzgp6.png","contentUrl":"https:\/\/wp-stage.familylife.com\/vidaenfamilia\/wp-content\/uploads\/sites\/254\/elementor\/thumbs\/ConstructoresPadresLogoInv-640x257-oviknz0txt45h9b2yix7vj86ofp0an9c95h10rzgp6.png"},{"@type":"BreadcrumbList","@id":"https:\/\/wp-stage.familylife.com\/vidaenfamilia\/constructores-del-hogar-serie-para-padres\/#breadcrumb","itemListElement":[{"@type":"ListItem","position":1,"name":"Home","item":"https:\/\/wp-stage.familylife.com\/vidaenfamilia\/"},{"@type":"ListItem","position":2,"name":"Constructores-del-Hogar-Serie-para-Padres"}]},{"@type":"WebSite","@id":"https:\/\/wp-stage.familylife.com\/vidaenfamilia\/#website","url":"https:\/\/wp-stage.familylife.com\/vidaenfamilia\/","name":"Vida en Familia","description":"FamilyLifeLAC","potentialAction":[{"@type":"SearchAction","target":{"@type":"EntryPoint","urlTemplate":"https:\/\/wp-stage.familylife.com\/vidaenfamilia\/?s={search_term_string}"},"query-input":{"@type":"PropertyValueSpecification","valueRequired":true,"valueName":"search_term_string"}}],"inLanguage":"es"}]}},"meta_box":{"_cloudsearch_visibility":""},"_links":{"self":[{"href":"https:\/\/wp-stage.familylife.com\/vidaenfamilia\/wp-json\/wp\/v2\/pages\/91673","targetHints":{"allow":["GET"]}}],"collection":[{"href":"https:\/\/wp-stage.familylife.com\/vidaenfamilia\/wp-json\/wp\/v2\/pages"}],"about":[{"href":"https:\/\/wp-stage.familylife.com\/vidaenfamilia\/wp-json\/wp\/v2\/types\/page"}],"author":[{"embeddable":true,"href":"https:\/\/wp-stage.familylife.com\/vidaenfamilia\/wp-json\/wp\/v2\/users\/57"}],"replies":[{"embeddable":true,"href":"https:\/\/wp-stage.familylife.com\/vidaenfamilia\/wp-json\/wp\/v2\/comments?post=91673"}],"version-history":[{"count":0,"href":"https:\/\/wp-stage.familylife.com\/vidaenfamilia\/wp-json\/wp\/v2\/pages\/91673\/revisions"}],"wp:attachment":[{"href":"https:\/\/wp-stage.familylife.com\/vidaenfamilia\/wp-json\/wp\/v2\/media?parent=91673"}],"curies":[{"name":"wp","href":"https:\/\/api.w.org\/{rel}","templated":true}]}}